= -211 - -157. Let q = v - -84. Calculate the remainder when m is divided by q.
28
Suppose 5*o = -3*d + 600, 35*d = 39*d + 20. What is the remainder when 230 is divided by o?
107
What is the remainder when 515/1*(24/40 + 0) is divided by 171?
138
Suppose -x + 12*x - 132 = 0. Calculate the remainder when x + 4/(-2) + -1 is divided by 3.
0
Suppose c - 3 + 8 = 0, 2*c = -h - 6. Suppose 290 = h*t - y, 103 + 45 = 2*t - 2*y. Calculate the remainder when t is divided by 27.
18
What is the remainder when 26466 is divided by 136 + -16 + (-234)/(-18)?
132
Let v(l) be the first derivative of -13*l**2 + 3*l + 8. Let s be v(1). Let u = 47 + s. Calculate the remainder when 117 is divided by u.
21
Let i(y) = -y**2 - 12*y - 17. Let c(m) = -m**2 - m + 11. Suppose -7*w + 2 = 37. Let a be c(w). What is the remainder when 48 is divided by i(a)?
8
Let x(m) = 7*m - 27. Let u(o) = -o - 1. Let z(y) = -4*u(y) - x(y). Calculate the remainder when z(6) is divided by 8.
5
Suppose 4*t = 2*a - 0*a + 26, 3*a + 34 = 5*t. Suppose 4*i - t*i = -2*b - 60, -2*b - 110 = -2*i. What is the remainder when i is divided by 13?
11
Suppose s - d - 21 = 0, -3*s + 64 = -0*s - 4*d. Let f(c) = -c**2 - 2*c - 21. Let p be f(-10). Let x = p + 179. What is the remainder when x is divided by s?
18
Let g = 260 + 130. Calculate the remainder when g is divided by 36.
30
Let f = -29 - -34. Suppose f*d - 7*d + 178 = 0. Suppose j - d - 45 = 0. Calculate the remainder when j is divided by 45.
44
Suppose 64*x = 67*x - 33. Suppose -4*h + 56 = 4*h. Let z = 10 - h. What is the remainder when x is divided by z?
2
Suppose -1738 - 1787 = -103*c - 38*c. What is the remainder when 1607 is divided by c?
7
Suppose 5*x + 4 = 4*o + 6, 0 = 5*x + 4*o - 18. Let r = 4 - 2. Suppose 0 = r*f + 2*z - 38, 5*f - x*z - 37 = 2*f. What is the remainder when 40 is divided by f?
10
Let j(s) = 3*s**2 - 8*s + 6. Let b be (-1 + -5 - -3)*(-21)/9. What is the remainder when 580 is divided by j(b)?
95
Calculate the remainder when 3818 is divided by 57*((4/9)/(-4) + (-76)/(-171)).
18
Calculate the remainder when 119 is divided by (0 - -7) + (30 - 7).
29
Let k be (-28)/(-5) + 208/20 + -11. Suppose 6 = 3*m, 0 = -k*g + m + 370 + 103. Calculate the remainder when g is divided by 32.
31
Let g = -11 - -24. Suppose 39 = z + 4*i - 1, -3*i + 39 = z. Suppose 0 - z = -l. Calculate the remainder when l is divided by g.
10
Let w(r) = r + 89. Let u be w(11). Let t = u - 76. Suppose -2*v + 0 = -10. Calculate the remainder when t is divided by v.
4
Let h = -6835 - -6943. Calculate the remainder when 1399 is divided by h.
103
Let m = -304 + 307. Let u(f) = f**3 + 4*f**2 - 17*f. Calculate the remainder when 71 is divided by u(m).
11
Suppose -4*u + 2*q = -40, -5*u - 5*q + 40 = -25. Suppose -u*r + 137 = -248. What is the remainder when 349 is divided by r?
34
Let v(m) = -14*m**3 - 3*m**2 - 14*m**3 - 9*m + 1 - 7 + 25*m**3. What is the remainder when v(-4) is divided by 35?
34
Suppose 0 = 5*h - 463 - 432. Suppose -664 = 17*b - 783. Calculate the remainder when h is divided by b.
4
Let u = -1962 + 2125. What is the remainder when 812 is divided by u?
160
Calculate the remainder when 453 is divided by (6/(-15))/(4/(-330)).
24
Let t(n) = 5*n**2 - 10*n - 1. Let b(s) = 19*s - 1. Let c(g) = g**2 - 12*g + 13. Let j be c(11). What is the remainder when b(j) is divided by t(3)?
9
Let l = -12354 - -12362. What is the remainder when 517 is divided by l?
5
Let b = -403 - -329. Let i = 12 - -3. What is the remainder when 11 + -6 + -6 - b is divided by i?
13
Let p(n) = 98*n**2 - 976*n - 3. Calculate the remainder when 1179 is divided by p(10).
32
Let b = -6868 - -7983. What is the remainder when b is divided by 93?
92
Let d(l) = 3*l**2 + 91*l + 477. Calculate the remainder when d(-26) is divided by 71.
68
Let z = -72 + -52. Let q = z + 247. What is the remainder when q is divided by 32?
27
Let v = -23129 + 23303. Let u = -2 + 24. What is the remainder when v is divided by u?
20
Let x(r) = -26*r - 59. Let d be x(-4). Calculate the remainder when 142 is divided by -2 + d + 5*1.
46
Let v(u) = u - 6*u - 11 - 2 + 2*u**2 + 2. Let r be 106/14 + 315/735. Calculate the remainder when v(r) is divided by 21.
14
Suppose -90*b - 1518 = -95*b - r, -1514 = -5*b - 3*r. Calculate the remainder when b is divided by 61.
60
Let r(p) = 1054*p + 5282. What is the remainder when (1 - 1) + 477*1 is divided by r(-5)?
9
Suppose 0*v + v = g - 3, -3*g - 15 = 5*v. Let r be -1 + (g - 1 - 1). Calculate the remainder when 25 - ((r - 1) + 4) is divided by 13.
12
Suppose -6 = -10*c + 13*c. Suppose 0*a = l - a - 16, 0 = -5*l + a + 88. Calculate the remainder when 66*1/(c/(-1)) is divided by l.
15
Let d(s) = s**3 - 13*s**2 + 30*s - 173. Calculate the remainder when 72 is divided by d(12).
29
Let u = 19 - 19. Suppose u = j + j + 6. Let k(x) = -x**2 - 4*x + 7. Calculate the remainder when 38 is divided by k(j).
8
Let l be 220/(-11) - (3 - -3)/(-3). What is the remainder when (40*l)/(-5) + 2 is divided by 30?
26
Let n be (-2)/(-5) - ((-1152)/20)/(-9). What is the remainder when 63 is divided by 3*1/n + (-414)/(-12)?
29
Suppose -12320 = -28*d + 6*d. Suppose d = 18*f - 214. What is the remainder when 146 is divided by f?
17
Let f(w) = -w**2 + w - 51. Let i be f(0). Let d = i + 75. Suppose -784817 = -28*n - 784397. What is the remainder when d is divided by n?
9
Suppose 3*n - 2*w - 36 = 0, -4*n - 3*w = 2*w - 2. Let s = 17 - 27. Let z = -7 - s. Calculate the remainder when n is divided by z.
2
Suppose 5*c = -5*x - 225, -5*x + 5*c + 146 = 401. Let n be (x/28)/((-1)/42). Let r = n + -51. What is the remainder when r is divided by 8?
5
Let h be (6 - (-26)/(-4))/(2/(-8)). Let j(f) = 86*f - 20. Calculate the remainder when j(h) is divided by 39.
35
Let m = -807 + 819. Suppose -2*u - 230 = -m*u. Calculate the remainder when 1208/14 + 4/(-14) is divided by u.
17
Suppose -o = 11*x - 12*x - 278, 3*x = 3. Suppose -o + 735 = 8*f. What is the remainder when 454 is divided by f?
55
Suppose 117*f - 6152 - 3576 = 41*f. What is the remainder when 283 is divided by f?
27
Let g = 28037 - 25645. What is the remainder when g is divided by 1193?
6
Suppose 6*f - 127 = -19. Suppose f*u - 16*u + 220 = 0. Calculate the remainder when (8/(-5))/(11/u) is divided by 10.
6
Suppose -54928 = -28*o - 20*o - 3952. What is the remainder when o is divided by 28?
26
Let j(r) = -56*r + 820. Calculate the remainder when 609 is divided by j(14).
33
Let u(t) = t**3 + 42*t**2 - 510*t + 22. Let z be 3/(1 - (-4)/(-2)). Calculate the remainder when u(10) is divided by ((-3)/2)/z*50.
22
Let m = -736 - -760. Suppose -m*u + 4496 = -6280. Calculate the remainder when u is divided by 65.
59
Suppose 17*o - 13*o = 84. Let k be (6/9)/((-2)/(-186)). Suppose -5*a + 4*a + k = 0. Calculate the remainder when a is divided by o.
20
Let g be (10 + -6)/(2*2). Suppose -4*r + 7 = 4*j - g, -j - 18 = -4*r. Suppose -3*v + 4*v - r = 0. What is the remainder when v is divided by 2?
0
Suppose 5*g = -5*m + 2315, -4*g + 1834 = -7*m + 5*m. Suppose -1079*l + 1089*l - g = 0. Calculate the remainder when 241 is divided by l.
11
Let d = 11913 + -10231. Calculate the remainder when d is divided by 22.
10
Let w be 6/(2/48 - 11/(-33)). Suppose -w*j = -11*j - 5. Calculate the remainder when (-105)/3*j*-1 is divided by 12.
11
Let h(w) = -2*w - 19. Let t be h(-12). Let v be ((-28)/t)/(4/(-10)). Calculate the remainder when 85 is divided by (-2)/7 + 410/v.
27
Let o = -202 + 205. Suppose 0 = -5*y - 7*x + o*x + 107, -21 = -y - x. Calculate the remainder when y is divided by 12.
11
Let c be 0 + -2 - 6/6. Calculate the remainder when (-18)/(4*(-7)/28) is divided by c + 2 + 3 + 5.
4
Suppose 4*f = 7*b + 156, -39*f + 68 = -37*f - b. What is the remainder when 2169 is divided by f?
25
Let g be (1251/(-18))/(2/(-4)). Let b = g + -136. Calculate the remainder when 174 is divided by (-238)/(-4) + (-1)/(b + -1).
56
Suppose -357 = 6*c - 794 - 577. Calculate the remainder when 170 is divided by c.
1
Suppose 5*r = -b + r + 13, -4*r + 18 = 2*b. Let w(l) = 25*l + 53. Calculate the remainder when w(b) is divided by 12.
10
Suppose 4*r - 4*r - 5499 = -47*r. Let b(a) = a**3 + 6*a**2 + 2. Let m be b(-6). Calculate the remainder when r is divided by (-1)/m - (-294)/12.
21
Suppose -n + 0*n + 5 = 0, -150 = -5*x - 2*